{"id":18,"date":"2017-02-28T12:08:31","date_gmt":"2017-02-28T12:08:31","guid":{"rendered":"https:\/\/blickwinkel.florianlonicer.com\/?page_id=18"},"modified":"2017-05-14T11:35:37","modified_gmt":"2017-05-14T11:35:37","slug":"der-fotograf-florian-lonicer","status":"publish","type":"page","link":"https:\/\/blickwinkel.florianlonicer.com\/?page_id=18&lang=de","title":{"rendered":"Florian Lonicer"},"content":{"rendered":"<p>Der Fotograf Florian Lonicer ist 1974 in Osnabr\u00fcck geboren und aufgewachsen. Erste Kontakte mit der Kamera gab es schon in fr\u00fchen Jahren durch den Vater. In seiner Schulzeit begann er selbst aktiv zu fotografieren. Seit dem ist die Fotografie ein st\u00e4ndiger Begleiter f\u00fcr Florian Lonicer. In seiner Zeit am Orange Coast College, Kalifornien, an der School of Photography, baute er sein bis dato autodidaktisch erworbenes Wissen aus. Seit 2013 ist Lonicer mit seiner Familie in Berlin sesshaft geworden und folgt seinem Interesse an urbaner Fotografie und Portraitfotografie.<\/p>\n<p>&nbsp;<\/p>\n<figure id=\"attachment_87\" aria-describedby=\"caption-attachment-87\" style=\"width: 376px\" class=\"wp-caption alignnone\"><img data-attachment-id=\"87\" data-permalink=\"https:\/\/blickwinkel.florianlonicer.com\/?attachment_id=87&amp;lang=en\" data-orig-file=\"https:\/\/blickwinkel.florianlonicer.com\/wp-content\/uploads\/2017\/02\/Florian-Lonicer.jpg\" data-orig-size=\"500,750\" data-comments-opened=\"1\" data-image-meta=\"{&quot;aperture&quot;:&quot;0&quot;,&quot;credit&quot;:&quot;Florian Lonicer&quot;,&quot;camera&quot;:&quot;&quot;,&quot;caption&quot;:&quot;&quot;,&quot;created_timestamp&quot;:&quot;0&quot;,&quot;copyright&quot;:&quot;Florian Lonicer&quot;,&quot;focal_length&quot;:&quot;0&quot;,&quot;iso&quot;:&quot;0&quot;,&quot;shutter_speed&quot;:&quot;0&quot;,&quot;title&quot;:&quot;&quot;,&quot;orientation&quot;:&quot;1&quot;}\" data-image-title=\"Florian-Lonicer\" data-image-description=\"\" data-image-caption=\"&lt;p&gt;Florian Lonicer im Blickwinkel&lt;\/p&gt;\n\" data-medium-file=\"https:\/\/blickwinkel.florianlonicer.com\/wp-content\/uploads\/2017\/02\/Florian-Lonicer-200x300.jpg\" data-large-file=\"https:\/\/blickwinkel.florianlonicer.com\/wp-content\/uploads\/2017\/02\/Florian-Lonicer.jpg\" loading=\"lazy\" class=\" wp-image-87\" src=\"https:\/\/blickwinkel.florianlonicer.com\/wp-content\/uploads\/2017\/02\/Florian-Lonicer.jpg\" alt=\"Florian Lonicer\" width=\"376\" height=\"564\" srcset=\"https:\/\/blickwinkel.florianlonicer.com\/wp-content\/uploads\/2017\/02\/Florian-Lonicer.jpg 500w, https:\/\/blickwinkel.florianlonicer.com\/wp-content\/uploads\/2017\/02\/Florian-Lonicer-200x300.jpg 200w\" sizes=\"(max-width: 376px) 100vw, 376px\" \/><figcaption id=\"caption-attachment-87\" class=\"wp-caption-text\">Florian Lonicer im Blickwinkel<\/figcaption><\/figure>\n<p>&nbsp;<\/p>\n","protected":false},"excerpt":{"rendered":"<p>Der Fotograf Florian Lonicer ist 1974 in Osnabr\u00fcck geboren und aufgewachsen. Erste Kontakte mit der Kamera gab es schon in fr\u00fchen Jahren durch den Vater. In seiner Schulzeit begann er selbst aktiv zu fotografieren. Seit dem ist die Fotografie ein st\u00e4ndiger Begleiter f\u00fcr Florian Lonicer. In seiner Zeit am Orange Coast College, Kalifornien, an der [&hellip;]<\/p>\n","protected":false},"author":1,"featured_media":87,"parent":0,"menu_order":0,"comment_status":"closed","ping_status":"closed","template":"","meta":{"spay_email":""},"jetpack_likes_enabled":true,"jetpack-related-posts":[{"id":503,"url":"https:\/\/blickwinkel.florianlonicer.com\/?page_id=503&lang=de","url_meta":{"origin":18,"position":0},"title":"Kalender","date":"14\/12\/2017","format":false,"excerpt":"Berlin im Blickwinkel 2018 - Kalender Der Kalender zeigt 12 unterschiedliche Sehensw\u00fcrdigkeiten in Berlin. Alle Bilder entstanden im Rahmen des Projekts Blickwinkel von Florian Lonicer. Es sind etwa 20-30 Fotografien, die zusammengef\u00fchrt wurden und dann ein ganz anderes Bilder dieser Sehensw\u00fcrdigkeiten zeigen. Das Projekt \u2013 Blickwinkel Die gezeigten Fotografien sollen\u2026","rel":"","context":"\u00c4hnlicher Beitrag","img":{"alt_text":"Berlin im Blickwinkel Kalender","src":"https:\/\/i1.wp.com\/blickwinkel.florianlonicer.com\/wp-content\/uploads\/2017\/09\/Deckblatt-klein.jpg?resize=350%2C200&ssl=1","width":350,"height":200},"classes":[]},{"id":375,"url":"https:\/\/blickwinkel.florianlonicer.com\/?page_id=375&lang=de","url_meta":{"origin":18,"position":1},"title":"Kontakt","date":"19\/09\/2017","format":false,"excerpt":"Und hier k\u00f6nnen Sie mich kontaktieren: \u00a0 service@blickwinkel.florianlonicer.com \u00a0 Oder schreiben Sie mir: Florian Lonicer Helmstedterstra\u00dfe 25 D-10717 Berlin","rel":"","context":"\u00c4hnlicher Beitrag","img":{"alt_text":"","src":"","width":0,"height":0},"classes":[]},{"id":32,"url":"https:\/\/blickwinkel.florianlonicer.com\/?page_id=32&lang=de","url_meta":{"origin":18,"position":2},"title":"Impressum","date":"28\/02\/2017","format":false,"excerpt":"Angaben gem\u00e4\u00df \u00a7 5 TMG: \u00a0 Florian Lonicer Fotograf Helmstedter Str. 25 10717 Berlin \u00a0 Kontakt: Telefon: 0176-72286678 E-Mail: contact@florianlonicer.com \u00a0 Umsatzsteuer-Identifikationsnummer gem\u00e4\u00df \u00a727 a Umsatzsteuergesetz: 18\/424\/00506 \u00a0 Verantwortlich f\u00fcr den Inhalt nach \u00a7 55 Abs. 2 RStV: Lonicer, Florian Helmstedter Str. 25 10717 Berlin \u00a0 Quelle:\u00a0https:\/\/www.e-recht24.de \u00a0 Haftungsausschluss (Disclaimer)\u2026","rel":"","context":"\u00c4hnlicher Beitrag","img":{"alt_text":"","src":"","width":0,"height":0},"classes":[]},{"id":16,"url":"https:\/\/blickwinkel.florianlonicer.com\/?page_id=16&lang=de","url_meta":{"origin":18,"position":3},"title":"Projekt","date":"28\/02\/2017","format":false,"excerpt":"Das Projekt - Blickwinkel Die gezeigten Fotografien sollen eine vielschichtige Betrachtung der Bauwerke zulassen, unterschiedliche Blickwinkel. Das subjektive Bild ist immer beeinflusst durch die Richtung aus der man sich dem Geb\u00e4ude n\u00e4hert, die Akzeptanz des Baustils, die Zeit des Betrachtens, das Wissen \u00fcber das Geb\u00e4ude oder die pers\u00f6nlichen Beziehung zu\u2026","rel":"","context":"\u00c4hnlicher Beitrag","img":{"alt_text":"Cafe Kranzler","src":"https:\/\/i2.wp.com\/blickwinkel.florianlonicer.com\/wp-content\/uploads\/2017\/09\/Cafe-Kranzler-Lonicer-Farbe.jpg?resize=350%2C200&ssl=1","width":350,"height":200},"classes":[]},{"id":363,"url":"https:\/\/blickwinkel.florianlonicer.com\/?page_id=363&lang=de","url_meta":{"origin":18,"position":4},"title":"Shop","date":"18\/09\/2017","format":false,"excerpt":"Meine Bilder sind auf Anfrage auch in anderen Formaten erh\u00e4ltlich.\u00a0Sollten Sie Fragen haben, melden Sie sich jederzeit und gerne an: contact@florianlonicer.com","rel":"","context":"\u00c4hnlicher Beitrag","img":{"alt_text":"","src":"","width":0,"height":0},"classes":[]}],"jetpack_sharing_enabled":true,"jetpack_shortlink":"https:\/\/wp.me\/P9m6rZ-i","_links":{"self":[{"href":"https:\/\/blickwinkel.florianlonicer.com\/index.php?rest_route=\/wp\/v2\/pages\/18"}],"collection":[{"href":"https:\/\/blickwinkel.florianlonicer.com\/index.php?rest_route=\/wp\/v2\/pages"}],"about":[{"href":"https:\/\/blickwinkel.florianlonicer.com\/index.php?rest_route=\/wp\/v2\/types\/page"}],"author":[{"embeddable":true,"href":"https:\/\/blickwinkel.florianlonicer.com\/index.php?rest_route=\/wp\/v2\/users\/1"}],"replies":[{"embeddable":true,"href":"https:\/\/blickwinkel.florianlonicer.com\/index.php?rest_route=%2Fwp%2Fv2%2Fcomments&post=18"}],"version-history":[{"count":8,"href":"https:\/\/blickwinkel.florianlonicer.com\/index.php?rest_route=\/wp\/v2\/pages\/18\/revisions"}],"predecessor-version":[{"id":267,"href":"https:\/\/blickwinkel.florianlonicer.com\/index.php?rest_route=\/wp\/v2\/pages\/18\/revisions\/267"}],"wp:featuredmedia":[{"embeddable":true,"href":"https:\/\/blickwinkel.florianlonicer.com\/index.php?rest_route=\/wp\/v2\/media\/87"}],"wp:attachment":[{"href":"https:\/\/blickwinkel.florianlonicer.com\/index.php?rest_route=%2Fwp%2Fv2%2Fmedia&parent=18"}],"curies":[{"name":"wp","href":"https:\/\/api.w.org\/{rel}","templated":true}]}}